[INFO] cloning repository https://github.com/SignalWalker/scripts-rs
[INFO] running `Command { std: "git" "-c" "credential.helper=" "-c" "credential.helper=/workspace/cargo-home/bin/git-credential-null" "clone" "--bare" "https://github.com/SignalWalker/scripts-rs" "/workspace/cache/git-repos/https%3A%2F%2Fgithub.com%2FSignalWalker%2Fscripts-rs", kill_on_drop: false }`
[INFO] [stderr] Cloning into bare repository '/workspace/cache/git-repos/https%3A%2F%2Fgithub.com%2FSignalWalker%2Fscripts-rs'...
[INFO] running `Command { std: "git" "rev-parse" "HEAD", kill_on_drop: false }`
[INFO] [stdout] be8a0d6e316e3e30bc6a02f4593a4968d4523f00
[INFO] checking SignalWalker/scripts-rs against master#9610dfe5a9a731ced1ea4923ecbd0c57fe367898 for beta-170-4
[INFO] running `Command { std: "git" "clone" "/workspace/cache/git-repos/https%3A%2F%2Fgithub.com%2FSignalWalker%2Fscripts-rs" "/workspace/builds/worker-4-tc1/source", kill_on_drop: false }`
[INFO] [stderr] Cloning into '/workspace/builds/worker-4-tc1/source'...
[INFO] [stderr] done.
[INFO] validating manifest of git repo https://github.com/SignalWalker/scripts-rs on toolchain 9610dfe5a9a731ced1ea4923ecbd0c57fe367898
[INFO] running `Command { std: CARGO_HOME="/workspace/cargo-home" RUSTUP_HOME="/workspace/rustup-home" "/workspace/cargo-home/bin/cargo" "+9610dfe5a9a731ced1ea4923ecbd0c57fe367898" "metadata" "--manifest-path" "Cargo.toml" "--no-deps", kill_on_drop: false }`
[INFO] started tweaking git repo https://github.com/SignalWalker/scripts-rs
[INFO] finished tweaking git repo https://github.com/SignalWalker/scripts-rs
[INFO] tweaked toml for git repo https://github.com/SignalWalker/scripts-rs written to /workspace/builds/worker-4-tc1/source/Cargo.toml
[INFO] crate git repo https://github.com/SignalWalker/scripts-rs already has a lockfile, it will not be regenerated
[INFO] running `Command { std: CARGO_HOME="/workspace/cargo-home" RUSTUP_HOME="/workspace/rustup-home" "/workspace/cargo-home/bin/cargo" "+9610dfe5a9a731ced1ea4923ecbd0c57fe367898" "fetch" "--manifest-path" "Cargo.toml", kill_on_drop: false }`
[INFO] [stderr]     Updating crates.io index
[INFO] [stderr]  Downloading crates ...
[INFO] [stderr]   Downloaded raur v6.0.0
[INFO] [stderr]   Downloaded dbus v0.9.6
[INFO] running `Command { std: "docker" "create" "-v" "/var/lib/crater-agent-workspace/builds/worker-4-tc1/target:/opt/rustwide/target:rw,Z" "-v" "/var/lib/crater-agent-workspace/builds/worker-4-tc1/source:/opt/rustwide/workdir:ro,Z" "-v" "/var/lib/crater-agent-workspace/cargo-home:/opt/rustwide/cargo-home:ro,Z" "-v" "/var/lib/crater-agent-workspace/rustup-home:/opt/rustwide/rustup-home:ro,Z" "-e" "SOURCE_DIR=/opt/rustwide/workdir" "-e" "CARGO_TARGET_DIR=/opt/rustwide/target" "-e" "CARGO_HOME=/opt/rustwide/cargo-home" "-e" "RUSTUP_HOME=/opt/rustwide/rustup-home" "-w" "/opt/rustwide/workdir" "-m" "1610612736" "--user" "0:0" "--network" "none" "ghcr.io/rust-lang/crates-build-env/linux@sha256:19e73879b68f455e41552ea35293514db52ea292d993f571636dbffedb77a1ee" "/opt/rustwide/cargo-home/bin/cargo" "+9610dfe5a9a731ced1ea4923ecbd0c57fe367898" "metadata" "--no-deps" "--format-version=1", kill_on_drop: false }`
[INFO] [stdout] e2fc98d38fbe6692a652c99a89cdf740ad5ac3db29ace37109d0bd1d204e152a
[INFO] running `Command { std: "docker" "start" "-a" "e2fc98d38fbe6692a652c99a89cdf740ad5ac3db29ace37109d0bd1d204e152a", kill_on_drop: false }`
[INFO] running `Command { std: "docker" "inspect" "e2fc98d38fbe6692a652c99a89cdf740ad5ac3db29ace37109d0bd1d204e152a", kill_on_drop: false }`
[INFO] running `Command { std: "docker" "rm" "-f" "e2fc98d38fbe6692a652c99a89cdf740ad5ac3db29ace37109d0bd1d204e152a", kill_on_drop: false }`
[INFO] [stdout] e2fc98d38fbe6692a652c99a89cdf740ad5ac3db29ace37109d0bd1d204e152a
[INFO] running `Command { std: "docker" "create" "-v" "/var/lib/crater-agent-workspace/builds/worker-4-tc1/target:/opt/rustwide/target:rw,Z" "-v" "/var/lib/crater-agent-workspace/builds/worker-4-tc1/source:/opt/rustwide/workdir:ro,Z" "-v" "/var/lib/crater-agent-workspace/cargo-home:/opt/rustwide/cargo-home:ro,Z" "-v" "/var/lib/crater-agent-workspace/rustup-home:/opt/rustwide/rustup-home:ro,Z" "-e" "SOURCE_DIR=/opt/rustwide/workdir" "-e" "CARGO_TARGET_DIR=/opt/rustwide/target" "-e" "CARGO_INCREMENTAL=0" "-e" "RUST_BACKTRACE=full" "-e" "RUSTFLAGS=--cap-lints=forbid" "-e" "RUSTDOCFLAGS=--cap-lints=forbid" "-e" "CARGO_HOME=/opt/rustwide/cargo-home" "-e" "RUSTUP_HOME=/opt/rustwide/rustup-home" "-w" "/opt/rustwide/workdir" "-m" "1610612736" "--user" "0:0" "--network" "none" "ghcr.io/rust-lang/crates-build-env/linux@sha256:19e73879b68f455e41552ea35293514db52ea292d993f571636dbffedb77a1ee" "/opt/rustwide/cargo-home/bin/cargo" "+9610dfe5a9a731ced1ea4923ecbd0c57fe367898" "check" "--frozen" "--all" "--all-targets" "--message-format=json", kill_on_drop: false }`
[INFO] [stdout] daca2c835e8c3d815fdddf6c91fd026660df8ae8741c8954e9b2f4d55f01b1c5
[INFO] running `Command { std: "docker" "start" "-a" "daca2c835e8c3d815fdddf6c91fd026660df8ae8741c8954e9b2f4d55f01b1c5", kill_on_drop: false }`
[INFO] [stderr]    Compiling libc v0.2.135
[INFO] [stderr]    Compiling proc-macro2 v1.0.47
[INFO] [stderr]    Compiling unicode-ident v1.0.5
[INFO] [stderr]    Compiling syn v1.0.102
[INFO] [stderr]     Checking once_cell v1.15.0
[INFO] [stderr]    Compiling futures-core v0.3.24
[INFO] [stderr]     Checking itoa v1.0.4
[INFO] [stderr]    Compiling serde_derive v1.0.145
[INFO] [stderr]    Compiling io-lifetimes v0.7.3
[INFO] [stderr]    Compiling serde v1.0.145
[INFO] [stderr]    Compiling indexmap v1.9.1
[INFO] [stderr]    Compiling rustix v0.35.11
[INFO] [stderr]     Checking futures-sink v0.3.24
[INFO] [stderr]    Compiling crossbeam-utils v0.8.12
[INFO] [stderr]     Checking linux-raw-sys v0.0.46
[INFO] [stderr]    Compiling unicase v2.6.0
[INFO] [stderr]     Checking aho-corasick v0.7.19
[INFO] [stderr]    Compiling quote v1.0.21
[INFO] [stderr]     Checking os_str_bytes v6.3.0
[INFO] [stderr]     Checking regex-syntax v0.6.27
[INFO] [stderr]    Compiling jobserver v0.1.25
[INFO] [stderr]    Compiling proc-macro-error-attr v1.0.4
[INFO] [stderr]    Compiling crossbeam-epoch v0.9.11
[INFO] [stderr]    Compiling cc v1.0.73
[INFO] [stderr]    Compiling parking_lot_core v0.9.4
[INFO] [stderr]     Checking strsim v0.10.0
[INFO] [stderr]     Checking num_cpus v1.13.1
[INFO] [stderr]     Checking signal-hook-registry v1.4.0
[INFO] [stderr]     Checking atty v0.2.14
[INFO] [stderr]     Checking bytes v1.2.1
[INFO] [stderr]    Compiling tokio v1.21.2
[INFO] [stderr]     Checking numtoa v0.1.0
[INFO] [stderr]     Checking num_threads v0.1.6
[INFO] [stderr]    Compiling time-macros v0.2.4
[INFO] [stderr]     Checking termion v1.5.6
[INFO] [stderr]     Checking crossbeam-deque v0.8.2
[INFO] [stderr]     Checking tinyvec v1.6.0
[INFO] [stderr]     Checking parking_lot v0.12.1
[INFO] [stderr]     Checking mio v0.8.4
[INFO] [stderr]     Checking socket2 v0.4.7
[INFO] [stderr]    Compiling openssl-sys v0.9.76
[INFO] [stderr]    Compiling libz-sys v1.1.8
[INFO] [stderr]     Checking crossbeam-channel v0.5.6
[INFO] [stderr]     Checking regex v1.6.0
[INFO] [stderr]     Checking terminal_size v0.2.1
[INFO] [stderr]     Checking fern v0.6.1
[INFO] [stderr]    Compiling num-traits v0.2.15
[INFO] [stderr]     Checking openssl-probe v0.1.5
[INFO] [stderr]    Compiling futures-task v0.3.24
[INFO] [stderr]     Checking rayon-core v1.9.3
[INFO] [stderr]     Checking unicode-normalization v0.1.22
[INFO] [stderr]    Compiling libssh2-sys v0.2.23
[INFO] [stderr]     Checking miniz_oxide v0.5.4
[INFO] [stderr]     Checking getrandom v0.2.7
[INFO] [stderr]     Checking tracing-core v0.1.30
[INFO] [stderr]    Compiling num-integer v0.1.45
[INFO] [stderr]    Compiling slab v0.4.7
[INFO] [stderr]    Compiling openssl v0.10.42
[INFO] [stderr]    Compiling proc-macro-error v1.0.4
[INFO] [stderr]     Checking foreign-types-shared v0.1.1
[INFO] [stderr]    Compiling futures-util v0.3.24
[INFO] [stderr]     Checking unicode-bidi v0.3.8
[INFO] [stderr]     Checking rayon v1.5.3
[INFO] [stderr]     Checking time v0.3.15
[INFO] [stderr]     Checking http v0.2.8
[INFO] [stderr]     Checking idna v0.3.0
[INFO] [stderr]     Checking foreign-types v0.3.2
[INFO] [stderr]     Checking tracing v0.1.37
[INFO] [stderr]     Checking flate2 v1.0.24
[INFO] [stderr]     Checking nanorand v0.7.0
[INFO] [stderr]     Checking spin v0.9.4
[INFO] [stderr]    Compiling libdbus-sys v0.2.2
[INFO] [stderr]    Compiling num-rational v0.4.1
[INFO] [stderr]    Compiling futures-channel v0.3.24
[INFO] [stderr]     Checking weezl v0.1.7
[INFO] [stderr]    Compiling native-tls v0.2.10
[INFO] [stderr]     Checking url v2.3.1
[INFO] [stderr]     Checking textwrap v0.15.1
[INFO] [stderr]    Compiling libgit2-sys v0.14.0+1.5.0
[INFO] [stderr]     Checking miniz_oxide v0.6.2
[INFO] [stderr]     Checking threadpool v1.8.1
[INFO] [stderr]     Checking clap_lex v0.2.4
[INFO] [stderr]     Checking bit_field v0.10.1
[INFO] [stderr]     Checking lebe v0.5.2
[INFO] [stderr]     Checking try-lock v0.2.3
[INFO] [stderr]     Checking half v2.1.0
[INFO] [stderr]     Checking want v0.3.0
[INFO] [stderr]     Checking gif v0.11.4
[INFO] [stderr]     Checking http-body v0.4.5
[INFO] [stderr]     Checking png v0.17.6
[INFO] [stderr]    Compiling encoding_rs v0.8.31
[INFO] [stderr]    Compiling serde_json v1.0.86
[INFO] [stderr]     Checking ryu v1.0.11
[INFO] [stderr]     Checking bytemuck v1.12.1
[INFO] [stderr]     Checking dbus v0.9.6
[INFO] [stderr]     Checking terminal_size v0.1.17
[INFO] [stderr]     Checking jpeg-decoder v0.2.6
[INFO] [stderr]     Checking clap_lex v0.3.0
[INFO] [stderr]    Compiling async-trait v0.1.58
[INFO] [stderr]     Checking console v0.15.2
[INFO] [stderr]     Checking mime v0.3.16
[INFO] [stderr]    Compiling thiserror v1.0.37
[INFO] [stderr]    Compiling signal-hook v0.3.14
[INFO] [stderr]     Checking ipnet v2.5.0
[INFO] [stderr]     Checking dirs-sys v0.3.7
[INFO] [stderr]     Checking directories v4.0.1
[INFO] [stderr]     Checking tiff v0.7.3
[INFO] [stderr]    Compiling tokio-macros v1.8.0
[INFO] [stderr]    Compiling pin-project-internal v1.0.12
[INFO] [stderr]    Compiling openssl-macros v0.1.0
[INFO] [stderr]    Compiling clap_derive v3.2.18
[INFO] [stderr]    Compiling clap_derive v4.0.13
[INFO] [stderr]    Compiling thiserror-impl v1.0.37
[INFO] [stderr]     Checking pin-project v1.0.12
[INFO] [stderr]     Checking flume v0.10.14
[INFO] [stderr]     Checking exr v1.5.2
[INFO] [stderr]     Checking clap v3.2.22
[INFO] [stderr]     Checking clap v4.0.17
[INFO] [stderr]     Checking image v0.24.4
[INFO] [stderr]     Checking tokio-util v0.7.4
[INFO] [stderr]     Checking tokio-native-tls v0.3.0
[INFO] [stderr]     Checking h2 v0.3.14
[INFO] [stderr]     Checking check-ip v1.0.0 (/opt/rustwide/workdir/bin/check-ip)
[INFO] [stderr]     Checking script-lib v0.1.0 (/opt/rustwide/workdir)
[INFO] [stderr]     Checking serde_urlencoded v0.7.1
[INFO] [stdout] warning: unused import: `Color`
[INFO] [stdout]  --> src/log.rs:2:28
[INFO] [stdout]   |
[INFO] [stdout] 2 | use termion::color::{self, Color, Fg};
[INFO] [stdout]   |                            ^^^^^
[INFO] [stdout]   |
[INFO] [stdout]   = note: `#[warn(unused_imports)]` on by default
[INFO] [stdout] 
[INFO] [stdout] 
[INFO] [stdout] warning: 1 warning emitted
[INFO] [stdout] 
[INFO] [stdout] 
[INFO] [stderr]     Checking bincode v1.3.3
[INFO] [stdout] warning: unused import: `Color`
[INFO] [stdout]  --> src/log.rs:2:28
[INFO] [stdout]   |
[INFO] [stdout] 2 | use termion::color::{self, Color, Fg};
[INFO] [stdout]   |                            ^^^^^
[INFO] [stdout]   |
[INFO] [stdout]   = note: `#[warn(unused_imports)]` on by default
[INFO] [stdout] 
[INFO] [stdout] 
[INFO] [stderr]     Checking notify-rust v4.5.10
[INFO] [stdout] warning: 1 warning emitted
[INFO] [stdout] 
[INFO] [stdout] 
[INFO] [stderr]     Checking notify-failure v1.0.0 (/opt/rustwide/workdir/bin/notify-failure)
[INFO] [stderr]     Checking check-battery v1.0.0 (/opt/rustwide/workdir/bin/check-battery)
[INFO] [stdout] warning: unused imports: `ProjectDirs`, `UserDirs`
[INFO] [stdout]  --> bin/check-battery/src/main.rs:6:29
[INFO] [stdout]   |
[INFO] [stdout] 6 | use directories::{BaseDirs, ProjectDirs, UserDirs};
[INFO] [stdout]   |                             ^^^^^^^^^^^  ^^^^^^^^
[INFO] [stdout]   |
[INFO] [stdout]   = note: `#[warn(unused_imports)]` on by default
[INFO] [stdout] 
[INFO] [stdout] 
[INFO] [stdout] warning: unused import: `std::process::Command`
[INFO] [stdout]   --> bin/check-battery/src/main.rs:17:5
[INFO] [stdout]    |
[INFO] [stdout] 17 | use std::process::Command;
[INFO] [stdout]    |     ^^^^^^^^^^^^^^^^^^^^^
[INFO] [stdout] 
[INFO] [stdout] 
[INFO] [stdout] warning: unused imports: `ProjectDirs`, `UserDirs`
[INFO] [stdout]  --> bin/check-battery/src/main.rs:6:29
[INFO] [stdout]   |
[INFO] [stdout] 6 | use directories::{BaseDirs, ProjectDirs, UserDirs};
[INFO] [stdout]   |                             ^^^^^^^^^^^  ^^^^^^^^
[INFO] [stdout]   |
[INFO] [stdout]   = note: `#[warn(unused_imports)]` on by default
[INFO] [stdout] 
[INFO] [stdout] 
[INFO] [stdout] warning: unused import: `std::process::Command`
[INFO] [stdout]   --> bin/check-battery/src/main.rs:17:5
[INFO] [stdout]    |
[INFO] [stdout] 17 | use std::process::Command;
[INFO] [stdout]    |     ^^^^^^^^^^^^^^^^^^^^^
[INFO] [stdout] 
[INFO] [stdout] 
[INFO] [stdout] warning: unused variable: `log_lvl`
[INFO] [stdout]   --> bin/notify-failure/src/main.rs:15:16
[INFO] [stdout]    |
[INFO] [stdout] 15 |     let Args { log_lvl, unit_name } = Args::parse();
[INFO] [stdout]    |                ^^^^^^^ help: try ignoring the field: `log_lvl: _`
[INFO] [stdout]    |
[INFO] [stdout]    = note: `#[warn(unused_variables)]` on by default
[INFO] [stdout] 
[INFO] [stdout] 
[INFO] [stdout] warning: 1 warning emitted
[INFO] [stdout] 
[INFO] [stdout] 
[INFO] [stderr]     Checking hyper v0.14.20
[INFO] [stdout] warning: 2 warnings emitted
[INFO] [stdout] 
[INFO] [stdout] 
[INFO] [stdout] warning: unused variable: `log_lvl`
[INFO] [stdout]   --> bin/notify-failure/src/main.rs:15:16
[INFO] [stdout]    |
[INFO] [stdout] 15 |     let Args { log_lvl, unit_name } = Args::parse();
[INFO] [stdout]    |                ^^^^^^^ help: try ignoring the field: `log_lvl: _`
[INFO] [stdout]    |
[INFO] [stdout]    = note: `#[warn(unused_variables)]` on by default
[INFO] [stdout] 
[INFO] [stdout] 
[INFO] [stdout] warning: 2 warnings emitted
[INFO] [stdout] 
[INFO] [stdout] 
[INFO] [stdout] warning: 1 warning emitted
[INFO] [stdout] 
[INFO] [stdout] 
[INFO] [stderr]     Checking hyper-tls v0.5.0
[INFO] [stderr]     Checking reqwest v0.11.12
[INFO] [stderr]     Checking raur v6.0.0
[INFO] [stderr]     Checking git2 v0.15.0
[INFO] [stderr]     Checking shell-prompt v1.0.0 (/opt/rustwide/workdir/bin/shell-prompt)
[INFO] [stderr]     Checking aur v1.0.0 (/opt/rustwide/workdir/bin/aur)
[INFO] [stdout] error[E0425]: cannot find value `try_from_str` in this scope
[INFO] [stdout]    --> bin/aur/src/main.rs:151:64
[INFO] [stdout]     |
[INFO] [stdout] 151 | ...   #[clap(short, long, default_value = "name-desc", parse(try_from_str = parse_field), possible_values = ["name", "name-desc", "mainta...
[INFO] [stdout]     |                                                              ^^^^^^^^^^^^
[INFO] [stdout]     |
[INFO] [stdout] help: you might have meant to introduce a new binding
[INFO] [stdout]     |
[INFO] [stdout] 151 |         #[clap(short, long, default_value = "name-desc", parse(let try_from_str = parse_field), possible_values = ["name", "name-desc", "maintainer", "depends", "makedepends", "optdepends", "checkdepends"])]
[INFO] [stdout]     |                                                                +++
[INFO] [stdout] 
[INFO] [stdout] 
[INFO] [stdout] error[E0658]: use of unstable library feature 'fs_try_exists'
[INFO] [stdout]    --> bin/aur/src/main.rs:199:9
[INFO] [stdout]     |
[INFO] [stdout] 199 |         fs::try_exists(&format!("{}/{}", cache_dir, self))
[INFO] [stdout]     |         ^^^^^^^^^^^^^^
[INFO] [stdout]     |
[INFO] [stdout]     = note: see issue #83186 <https://github.com/rust-lang/rust/issues/83186> for more information
[INFO] [stdout]     = help: add `#![feature(fs_try_exists)]` to the crate attributes to enable
[INFO] [stdout] 
[INFO] [stdout] 
[INFO] [stdout] warning: the feature `path_try_exists` has been stable since 1.63.0 and no longer requires an attribute to enable
[INFO] [stdout]  --> bin/aur/src/main.rs:1:12
[INFO] [stdout]   |
[INFO] [stdout] 1 | #![feature(path_try_exists)]
[INFO] [stdout]   |            ^^^^^^^^^^^^^^^
[INFO] [stdout]   |
[INFO] [stdout]   = note: `#[warn(stable_features)]` on by default
[INFO] [stdout] 
[INFO] [stdout] 
[INFO] [stdout] error[E0425]: cannot find value `try_from_str` in this scope
[INFO] [stdout]    --> bin/aur/src/main.rs:151:64
[INFO] [stdout]     |
[INFO] [stdout] 151 | ...   #[clap(short, long, default_value = "name-desc", parse(try_from_str = parse_field), possible_values = ["name", "name-desc", "mainta...
[INFO] [stdout]     |                                                              ^^^^^^^^^^^^
[INFO] [stdout]     |
[INFO] [stdout] help: you might have meant to introduce a new binding
[INFO] [stdout]     |
[INFO] [stdout] 151 |         #[clap(short, long, default_value = "name-desc", parse(let try_from_str = parse_field), possible_values = ["name", "name-desc", "maintainer", "depends", "makedepends", "optdepends", "checkdepends"])]
[INFO] [stdout]     |                                                                +++
[INFO] [stdout] 
[INFO] [stdout] 
[INFO] [stdout] error[E0658]: use of unstable library feature 'fs_try_exists'
[INFO] [stdout]    --> bin/aur/src/main.rs:199:9
[INFO] [stdout]     |
[INFO] [stdout] 199 |         fs::try_exists(&format!("{}/{}", cache_dir, self))
[INFO] [stdout]     |         ^^^^^^^^^^^^^^
[INFO] [stdout]     |
[INFO] [stdout]     = note: see issue #83186 <https://github.com/rust-lang/rust/issues/83186> for more information
[INFO] [stdout]     = help: add `#![feature(fs_try_exists)]` to the crate attributes to enable
[INFO] [stdout] 
[INFO] [stdout] 
[INFO] [stdout] warning: the feature `path_try_exists` has been stable since 1.63.0 and no longer requires an attribute to enable
[INFO] [stdout]  --> bin/aur/src/main.rs:1:12
[INFO] [stdout]   |
[INFO] [stdout] 1 | #![feature(path_try_exists)]
[INFO] [stdout]   |            ^^^^^^^^^^^^^^^
[INFO] [stdout]   |
[INFO] [stdout]   = note: `#[warn(stable_features)]` on by default
[INFO] [stdout] 
[INFO] [stdout] 
[INFO] [stdout] warning: unused variable: `repo`
[INFO] [stdout]    --> bin/shell-prompt/src/main.rs:165:19
[INFO] [stdout]     |
[INFO] [stdout] 165 |         if let Ok(repo) = Repository::open(&args.pwd) {
[INFO] [stdout]     |                   ^^^^ help: if this is intentional, prefix it with an underscore: `_repo`
[INFO] [stdout]     |
[INFO] [stdout]     = note: `#[warn(unused_variables)]` on by default
[INFO] [stdout] 
[INFO] [stdout] 
[INFO] [stdout] warning: unused variable: `repo`
[INFO] [stdout]    --> bin/shell-prompt/src/main.rs:165:19
[INFO] [stdout]     |
[INFO] [stdout] 165 |         if let Ok(repo) = Repository::open(&args.pwd) {
[INFO] [stdout]     |                   ^^^^ help: if this is intentional, prefix it with an underscore: `_repo`
[INFO] [stdout]     |
[INFO] [stdout]     = note: `#[warn(unused_variables)]` on by default
[INFO] [stdout] 
[INFO] [stdout] 
[INFO] [stdout] warning: 1 warning emitted
[INFO] [stdout] 
[INFO] [stdout] 
[INFO] [stdout] warning: 1 warning emitted
[INFO] [stdout] 
[INFO] [stdout] 
[INFO] [stdout] error[E0599]: no method named `possible_values` found for struct `Arg` in the current scope
[INFO] [stdout]   --> bin/aur/src/main.rs:89:49
[INFO] [stdout]    |
[INFO] [stdout] 89 |     #[clap(short, long, default_value = "Info", possible_values = ["Error", "Warn", "Info", "Debug", "Trace"])]
[INFO] [stdout]    |                                                 ^^^^^^^^^^^^^^^ help: there is a method with a similar name: `get_possible_values`
[INFO] [stdout] 
[INFO] [stdout] 
[INFO] [stdout] error[E0599]: no method named `possible_values` found for struct `Arg` in the current scope
[INFO] [stdout]   --> bin/aur/src/main.rs:89:49
[INFO] [stdout]    |
[INFO] [stdout] 89 |     #[clap(short, long, default_value = "Info", possible_values = ["Error", "Warn", "Info", "Debug", "Trace"])]
[INFO] [stdout]    |                                                 ^^^^^^^^^^^^^^^ help: there is a method with a similar name: `get_possible_values`
[INFO] [stdout] 
[INFO] [stdout] 
[INFO] [stdout] error[E0277]: the trait bound `SortBy: Clone` is not satisfied
[INFO] [stdout]    --> bin/aur/src/main.rs:164:25
[INFO] [stdout]     |
[INFO] [stdout] 164 |         sort_by: Option<SortBy>,
[INFO] [stdout]     |                         ^^^^^^ the trait `Clone` is not implemented for `SortBy`
[INFO] [stdout]     |
[INFO] [stdout] note: required by a bound in `ArgMatches::remove_one`
[INFO] [stdout]    --> /opt/rustwide/cargo-home/registry/src/index.crates.io-6f17d22bba15001f/clap-4.0.17/src/parser/matches/arg_matches.rs:299:32
[INFO] [stdout]     |
[INFO] [stdout] 299 |     pub fn remove_one<T: Any + Clone + Send + Sync + 'static>(&mut self, id: &str) -> Option<T> {
[INFO] [stdout]     |                                ^^^^^ required by this bound in `ArgMatches::remove_one`
[INFO] [stdout] help: consider annotating `SortBy` with `#[derive(Clone)]`
[INFO] [stdout]     |
[INFO] [stdout] 44  + #[derive(Clone)]
[INFO] [stdout] 45  | pub enum SortBy {
[INFO] [stdout]     |
[INFO] [stdout] 
[INFO] [stdout] 
[INFO] [stdout] error[E0277]: the trait bound `SortDir: Clone` is not satisfied
[INFO] [stdout]    --> bin/aur/src/main.rs:167:19
[INFO] [stdout]     |
[INFO] [stdout] 167 |         sort_dir: SortDir,
[INFO] [stdout]     |                   ^^^^^^^ the trait `Clone` is not implemented for `SortDir`
[INFO] [stdout]     |
[INFO] [stdout] note: required by a bound in `ArgMatches::remove_one`
[INFO] [stdout]    --> /opt/rustwide/cargo-home/registry/src/index.crates.io-6f17d22bba15001f/clap-4.0.17/src/parser/matches/arg_matches.rs:299:32
[INFO] [stdout]     |
[INFO] [stdout] 299 |     pub fn remove_one<T: Any + Clone + Send + Sync + 'static>(&mut self, id: &str) -> Option<T> {
[INFO] [stdout]     |                                ^^^^^ required by this bound in `ArgMatches::remove_one`
[INFO] [stdout] help: consider annotating `SortDir` with `#[derive(Clone)]`
[INFO] [stdout]     |
[INFO] [stdout] 68  + #[derive(Clone)]
[INFO] [stdout] 69  | pub enum SortDir {
[INFO] [stdout]     |
[INFO] [stdout] 
[INFO] [stdout] 
[INFO] [stdout] error[E0277]: the trait bound `SortBy: Clone` is not satisfied
[INFO] [stdout]    --> bin/aur/src/main.rs:164:25
[INFO] [stdout]     |
[INFO] [stdout] 164 |         sort_by: Option<SortBy>,
[INFO] [stdout]     |                         ^^^^^^ the trait `Clone` is not implemented for `SortBy`
[INFO] [stdout]     |
[INFO] [stdout] note: required by a bound in `ArgMatches::remove_one`
[INFO] [stdout]    --> /opt/rustwide/cargo-home/registry/src/index.crates.io-6f17d22bba15001f/clap-4.0.17/src/parser/matches/arg_matches.rs:299:32
[INFO] [stdout]     |
[INFO] [stdout] 299 |     pub fn remove_one<T: Any + Clone + Send + Sync + 'static>(&mut self, id: &str) -> Option<T> {
[INFO] [stdout]     |                                ^^^^^ required by this bound in `ArgMatches::remove_one`
[INFO] [stdout] help: consider annotating `SortBy` with `#[derive(Clone)]`
[INFO] [stdout]     |
[INFO] [stdout] 44  + #[derive(Clone)]
[INFO] [stdout] 45  | pub enum SortBy {
[INFO] [stdout]     |
[INFO] [stdout] 
[INFO] [stdout] 
[INFO] [stdout] error[E0277]: the trait bound `SortDir: Clone` is not satisfied
[INFO] [stdout]    --> bin/aur/src/main.rs:167:19
[INFO] [stdout]     |
[INFO] [stdout] 167 |         sort_dir: SortDir,
[INFO] [stdout]     |                   ^^^^^^^ the trait `Clone` is not implemented for `SortDir`
[INFO] [stdout]     |
[INFO] [stdout] note: required by a bound in `ArgMatches::remove_one`
[INFO] [stdout]    --> /opt/rustwide/cargo-home/registry/src/index.crates.io-6f17d22bba15001f/clap-4.0.17/src/parser/matches/arg_matches.rs:299:32
[INFO] [stdout]     |
[INFO] [stdout] 299 |     pub fn remove_one<T: Any + Clone + Send + Sync + 'static>(&mut self, id: &str) -> Option<T> {
[INFO] [stdout]     |                                ^^^^^ required by this bound in `ArgMatches::remove_one`
[INFO] [stdout] help: consider annotating `SortDir` with `#[derive(Clone)]`
[INFO] [stdout]     |
[INFO] [stdout] 68  + #[derive(Clone)]
[INFO] [stdout] 69  | pub enum SortDir {
[INFO] [stdout]     |
[INFO] [stdout] 
[INFO] [stdout] 
[INFO] [stdout] error[E0599]: the method `value_parser` exists for reference `&&&&&&_AutoValueParser<SearchBy>`, but its trait bounds were not satisfied
[INFO] [stdout]     --> bin/aur/src/main.rs:150:9
[INFO] [stdout]      |
[INFO] [stdout] 150  | / ...   /// field by which to search
[INFO] [stdout] 151  | | ...   #[clap(short, long, default_value = "name-desc", parse(try_from_str = parse_field), possible_values = ["name", "name-desc", "mainta...
[INFO] [stdout] 152  | | ...   field: SearchBy,
[INFO] [stdout]      | |_____________________^ method cannot be called on `&&&&&&_AutoValueParser<SearchBy>` due to unsatisfied trait bounds
[INFO] [stdout]      |
[INFO] [stdout]     ::: /opt/rustwide/cargo-home/registry/src/index.crates.io-6f17d22bba15001f/raur-6.0.0/src/raur.rs:85:1
[INFO] [stdout]      |
[INFO] [stdout] 85   |   pub enum SearchBy {
[INFO] [stdout]      |   -----------------
[INFO] [stdout]      |   |
[INFO] [stdout]      |   doesn't satisfy `SearchBy: From<&'s std::ffi::OsStr>`
[INFO] [stdout]      |   doesn't satisfy `SearchBy: From<&'s str>`
[INFO] [stdout]      |   doesn't satisfy `SearchBy: From<OsString>`
[INFO] [stdout]      |   doesn't satisfy `SearchBy: From<std::string::String>`
[INFO] [stdout]      |   doesn't satisfy `SearchBy: FromStr`
[INFO] [stdout]      |   doesn't satisfy `SearchBy: ValueEnum`
[INFO] [stdout]      |   doesn't satisfy `SearchBy: ValueParserFactory`
[INFO] [stdout]      |
[INFO] [stdout]     ::: /opt/rustwide/cargo-home/registry/src/index.crates.io-6f17d22bba15001f/clap-4.0.17/src/builder/value_parser.rs:2171:1
[INFO] [stdout]      |
[INFO] [stdout] 2171 |   pub struct _AutoValueParser<T>(std::marker::PhantomData<T>);
[INFO] [stdout]      |   ------------------------------ doesn't satisfy `_: _ValueParserViaParse`
[INFO] [stdout]      |
[INFO] [stdout]      = note: the following trait bounds were not satisfied:
[INFO] [stdout]              `SearchBy: ValueEnum`
[INFO] [stdout]              which is required by `&&&&&_AutoValueParser<SearchBy>: clap::builder::via_prelude::_ValueParserViaValueEnum`
[INFO] [stdout]              `SearchBy: ValueParserFactory`
[INFO] [stdout]              which is required by `&&&&&&_AutoValueParser<SearchBy>: clap::builder::via_prelude::_ValueParserViaFactory`
[INFO] [stdout]              `SearchBy: From<OsString>`
[INFO] [stdout]              which is required by `&&&&_AutoValueParser<SearchBy>: clap::builder::via_prelude::_ValueParserViaFromOsString`
[INFO] [stdout]              `SearchBy: From<&'s std::ffi::OsStr>`
[INFO] [stdout]              which is required by `&&&_AutoValueParser<SearchBy>: clap::builder::via_prelude::_ValueParserViaFromOsStr`
[INFO] [stdout]              `SearchBy: From<std::string::String>`
[INFO] [stdout]              which is required by `&&_AutoValueParser<SearchBy>: clap::builder::via_prelude::_ValueParserViaFromString`
[INFO] [stdout]              `SearchBy: From<&'s str>`
[INFO] [stdout]              which is required by `&_AutoValueParser<SearchBy>: clap::builder::via_prelude::_ValueParserViaFromStr`
[INFO] [stdout]              `SearchBy: FromStr`
[INFO] [stdout]              which is required by `_AutoValueParser<SearchBy>: clap::builder::via_prelude::_ValueParserViaParse`
[INFO] [stdout]      = note: this error originates in the macro `clap::value_parser` (in Nightly builds, run with -Z macro-backtrace for more info)
[INFO] [stdout] 
[INFO] [stdout] 
[INFO] [stdout] error[E0599]: the method `value_parser` exists for reference `&&&&&&_AutoValueParser<SearchBy>`, but its trait bounds were not satisfied
[INFO] [stdout]     --> bin/aur/src/main.rs:150:9
[INFO] [stdout]      |
[INFO] [stdout] 150  | / ...   /// field by which to search
[INFO] [stdout] 151  | | ...   #[clap(short, long, default_value = "name-desc", parse(try_from_str = parse_field), possible_values = ["name", "name-desc", "mainta...
[INFO] [stdout] 152  | | ...   field: SearchBy,
[INFO] [stdout]      | |_____________________^ method cannot be called on `&&&&&&_AutoValueParser<SearchBy>` due to unsatisfied trait bounds
[INFO] [stdout]      |
[INFO] [stdout]     ::: /opt/rustwide/cargo-home/registry/src/index.crates.io-6f17d22bba15001f/raur-6.0.0/src/raur.rs:85:1
[INFO] [stdout]      |
[INFO] [stdout] 85   |   pub enum SearchBy {
[INFO] [stdout]      |   -----------------
[INFO] [stdout]      |   |
[INFO] [stdout]      |   doesn't satisfy `SearchBy: From<&'s std::ffi::OsStr>`
[INFO] [stdout]      |   doesn't satisfy `SearchBy: From<&'s str>`
[INFO] [stdout]      |   doesn't satisfy `SearchBy: From<OsString>`
[INFO] [stdout]      |   doesn't satisfy `SearchBy: From<std::string::String>`
[INFO] [stdout]      |   doesn't satisfy `SearchBy: FromStr`
[INFO] [stdout]      |   doesn't satisfy `SearchBy: ValueEnum`
[INFO] [stdout]      |   doesn't satisfy `SearchBy: ValueParserFactory`
[INFO] [stdout]      |
[INFO] [stdout]     ::: /opt/rustwide/cargo-home/registry/src/index.crates.io-6f17d22bba15001f/clap-4.0.17/src/builder/value_parser.rs:2171:1
[INFO] [stdout]      |
[INFO] [stdout] 2171 |   pub struct _AutoValueParser<T>(std::marker::PhantomData<T>);
[INFO] [stdout]      |   ------------------------------ doesn't satisfy `_: _ValueParserViaParse`
[INFO] [stdout]      |
[INFO] [stdout]      = note: the following trait bounds were not satisfied:
[INFO] [stdout]              `SearchBy: ValueEnum`
[INFO] [stdout]              which is required by `&&&&&_AutoValueParser<SearchBy>: clap::builder::via_prelude::_ValueParserViaValueEnum`
[INFO] [stdout]              `SearchBy: ValueParserFactory`
[INFO] [stdout]              which is required by `&&&&&&_AutoValueParser<SearchBy>: clap::builder::via_prelude::_ValueParserViaFactory`
[INFO] [stdout]              `SearchBy: From<OsString>`
[INFO] [stdout]              which is required by `&&&&_AutoValueParser<SearchBy>: clap::builder::via_prelude::_ValueParserViaFromOsString`
[INFO] [stdout]              `SearchBy: From<&'s std::ffi::OsStr>`
[INFO] [stdout]              which is required by `&&&_AutoValueParser<SearchBy>: clap::builder::via_prelude::_ValueParserViaFromOsStr`
[INFO] [stdout]              `SearchBy: From<std::string::String>`
[INFO] [stdout]              which is required by `&&_AutoValueParser<SearchBy>: clap::builder::via_prelude::_ValueParserViaFromString`
[INFO] [stdout]              `SearchBy: From<&'s str>`
[INFO] [stdout]              which is required by `&_AutoValueParser<SearchBy>: clap::builder::via_prelude::_ValueParserViaFromStr`
[INFO] [stdout]              `SearchBy: FromStr`
[INFO] [stdout]              which is required by `_AutoValueParser<SearchBy>: clap::builder::via_prelude::_ValueParserViaParse`
[INFO] [stdout]      = note: this error originates in the macro `clap::value_parser` (in Nightly builds, run with -Z macro-backtrace for more info)
[INFO] [stdout] 
[INFO] [stdout] 
[INFO] [stdout] error[E0599]: no method named `parse` found for struct `Arg` in the current scope
[INFO] [stdout]    --> bin/aur/src/main.rs:151:58
[INFO] [stdout]     |
[INFO] [stdout] 98  | #[derive(Debug, Subcommand)]
[INFO] [stdout]     |                 ---------- help: use associated function syntax instead: `Arg::parse(try_from_str = parse_field)`
[INFO] [stdout] ...
[INFO] [stdout] 151 |         #[clap(short, long, default_value = "name-desc", parse(try_from_str = parse_field), possible_values = ["name", "name-desc", "main...
[INFO] [stdout]     |                                                          ^^^^^ this is an associated function, not a method
[INFO] [stdout]     |
[INFO] [stdout]     = note: found the following associated functions; to be used as methods, functions must have a `self` parameter
[INFO] [stdout] note: the candidate is defined in the trait `Parser`
[INFO] [stdout]    --> /opt/rustwide/cargo-home/registry/src/index.crates.io-6f17d22bba15001f/clap-4.0.17/src/derive.rs:81:5
[INFO] [stdout]     |
[INFO] [stdout] 81  |     fn parse() -> Self {
[INFO] [stdout]     |     ^^^^^^^^^^^^^^^^^^
[INFO] [stdout] 
[INFO] [stdout] 
[INFO] [stdout] error[E0599]: no method named `parse` found for struct `Arg` in the current scope
[INFO] [stdout]    --> bin/aur/src/main.rs:151:58
[INFO] [stdout]     |
[INFO] [stdout] 98  | #[derive(Debug, Subcommand)]
[INFO] [stdout]     |                 ---------- help: use associated function syntax instead: `Arg::parse(try_from_str = parse_field)`
[INFO] [stdout] ...
[INFO] [stdout] 151 |         #[clap(short, long, default_value = "name-desc", parse(try_from_str = parse_field), possible_values = ["name", "name-desc", "main...
[INFO] [stdout]     |                                                          ^^^^^ this is an associated function, not a method
[INFO] [stdout]     |
[INFO] [stdout]     = note: found the following associated functions; to be used as methods, functions must have a `self` parameter
[INFO] [stdout] note: the candidate is defined in the trait `Parser`
[INFO] [stdout]    --> /opt/rustwide/cargo-home/registry/src/index.crates.io-6f17d22bba15001f/clap-4.0.17/src/derive.rs:81:5
[INFO] [stdout]     |
[INFO] [stdout] 81  |     fn parse() -> Self {
[INFO] [stdout]     |     ^^^^^^^^^^^^^^^^^^
[INFO] [stdout] 
[INFO] [stdout] 
[INFO] [stdout] error[E0599]: the method `value_parser` exists for reference `&&&&&&_AutoValueParser<SortBy>`, but its trait bounds were not satisfied
[INFO] [stdout]     --> bin/aur/src/main.rs:162:9
[INFO] [stdout]      |
[INFO] [stdout] 44   |   pub enum SortBy {
[INFO] [stdout]      |   ---------------
[INFO] [stdout]      |   |
[INFO] [stdout]      |   doesn't satisfy `SortBy: Clone`
[INFO] [stdout]      |   doesn't satisfy `SortBy: From<&'s std::ffi::OsStr>`
[INFO] [stdout]      |   doesn't satisfy `SortBy: From<&'s str>`
[INFO] [stdout]      |   doesn't satisfy `SortBy: From<OsString>`
[INFO] [stdout]      |   doesn't satisfy `SortBy: From<std::string::String>`
[INFO] [stdout]      |   doesn't satisfy `SortBy: ValueEnum`
[INFO] [stdout]      |   doesn't satisfy `SortBy: ValueParserFactory`
[INFO] [stdout] ...
[INFO] [stdout] 162  | /         /// sort packages by this field if given
[INFO] [stdout] 163  | |         #[clap(short = 's', long, default_missing_value = "name")]
[INFO] [stdout] 164  | |         sort_by: Option<SortBy>,
[INFO] [stdout]      | |_______________________________^ method cannot be called on `&&&&&&_AutoValueParser<SortBy>` due to unsatisfied trait bounds
[INFO] [stdout]      |
[INFO] [stdout]     ::: /opt/rustwide/cargo-home/registry/src/index.crates.io-6f17d22bba15001f/clap-4.0.17/src/builder/value_parser.rs:2171:1
[INFO] [stdout]      |
[INFO] [stdout] 2171 |   pub struct _AutoValueParser<T>(std::marker::PhantomData<T>);
[INFO] [stdout]      |   ------------------------------ doesn't satisfy `_: _ValueParserViaParse`
[INFO] [stdout]      |
[INFO] [stdout]      = note: the following trait bounds were not satisfied:
[INFO] [stdout]              `SortBy: ValueEnum`
[INFO] [stdout]              which is required by `&&&&&_AutoValueParser<SortBy>: clap::builder::via_prelude::_ValueParserViaValueEnum`
[INFO] [stdout]              `SortBy: Clone`
[INFO] [stdout]              which is required by `&&&&&_AutoValueParser<SortBy>: clap::builder::via_prelude::_ValueParserViaValueEnum`
[INFO] [stdout]              `SortBy: ValueParserFactory`
[INFO] [stdout]              which is required by `&&&&&&_AutoValueParser<SortBy>: clap::builder::via_prelude::_ValueParserViaFactory`
[INFO] [stdout]              `SortBy: From<OsString>`
[INFO] [stdout]              which is required by `&&&&_AutoValueParser<SortBy>: clap::builder::via_prelude::_ValueParserViaFromOsString`
[INFO] [stdout]              `SortBy: Clone`
[INFO] [stdout]              which is required by `&&&&_AutoValueParser<SortBy>: clap::builder::via_prelude::_ValueParserViaFromOsString`
[INFO] [stdout]              `SortBy: From<&'s std::ffi::OsStr>`
[INFO] [stdout]              which is required by `&&&_AutoValueParser<SortBy>: clap::builder::via_prelude::_ValueParserViaFromOsStr`
[INFO] [stdout]              `SortBy: Clone`
[INFO] [stdout]              which is required by `&&&_AutoValueParser<SortBy>: clap::builder::via_prelude::_ValueParserViaFromOsStr`
[INFO] [stdout]              `SortBy: From<std::string::String>`
[INFO] [stdout]              which is required by `&&_AutoValueParser<SortBy>: clap::builder::via_prelude::_ValueParserViaFromString`
[INFO] [stdout]              `SortBy: Clone`
[INFO] [stdout]              which is required by `&&_AutoValueParser<SortBy>: clap::builder::via_prelude::_ValueParserViaFromString`
[INFO] [stdout]              `SortBy: From<&'s str>`
[INFO] [stdout]              which is required by `&_AutoValueParser<SortBy>: clap::builder::via_prelude::_ValueParserViaFromStr`
[INFO] [stdout]              `SortBy: Clone`
[INFO] [stdout]              which is required by `&_AutoValueParser<SortBy>: clap::builder::via_prelude::_ValueParserViaFromStr`
[INFO] [stdout]              `SortBy: Clone`
[INFO] [stdout]              which is required by `_AutoValueParser<SortBy>: clap::builder::via_prelude::_ValueParserViaParse`
[INFO] [stdout] note: the traits `ValueEnum`, `ValueParserFactory`,  and `From` must be implemented
[INFO] [stdout]     --> /opt/rustwide/cargo-home/registry/src/index.crates.io-6f17d22bba15001f/clap-4.0.17/src/builder/value_parser.rs:2074:1
[INFO] [stdout]      |
[INFO] [stdout] 2074 | pub trait ValueParserFactory {
[INFO] [stdout]      | ^^^^^^^^^^^^^^^^^^^^^^^^^^^^
[INFO] [stdout]      |
[INFO] [stdout]     ::: /opt/rustwide/cargo-home/registry/src/index.crates.io-6f17d22bba15001f/clap-4.0.17/src/derive.rs:374:1
[INFO] [stdout]      |
[INFO] [stdout] 374  | pub trait ValueEnum: Sized + Clone {
[INFO] [stdout]      | ^^^^^^^^^^^^^^^^^^^^^^^^^^^^^^^^^^
[INFO] [stdout]     --> /rustc/9610dfe5a9a731ced1ea4923ecbd0c57fe367898/library/core/src/convert/mod.rs:539:1
[INFO] [stdout]      = note: this error originates in the macro `clap::value_parser` (in Nightly builds, run with -Z macro-backtrace for more info)
[INFO] [stdout] help: consider annotating `SortBy` with `#[derive(Clone)]`
[INFO] [stdout]      |
[INFO] [stdout] 44   + #[derive(Clone)]
[INFO] [stdout] 45   | pub enum SortBy {
[INFO] [stdout]      |
[INFO] [stdout] 
[INFO] [stdout] 
[INFO] [stdout] error[E0599]: the method `value_parser` exists for reference `&&&&&&_AutoValueParser<SortDir>`, but its trait bounds were not satisfied
[INFO] [stdout]     --> bin/aur/src/main.rs:165:9
[INFO] [stdout]      |
[INFO] [stdout] 68   |   pub enum SortDir {
[INFO] [stdout]      |   ----------------
[INFO] [stdout]      |   |
[INFO] [stdout]      |   doesn't satisfy `SortDir: Clone`
[INFO] [stdout]      |   doesn't satisfy `SortDir: From<&'s std::ffi::OsStr>`
[INFO] [stdout]      |   doesn't satisfy `SortDir: From<&'s str>`
[INFO] [stdout]      |   doesn't satisfy `SortDir: From<OsString>`
[INFO] [stdout]      |   doesn't satisfy `SortDir: From<std::string::String>`
[INFO] [stdout]      |   doesn't satisfy `SortDir: ValueEnum`
[INFO] [stdout]      |   doesn't satisfy `SortDir: ValueParserFactory`
[INFO] [stdout] ...
[INFO] [stdout] 165  | /         /// direction in which to order sorting
[INFO] [stdout] 166  | |         #[clap(long, default_value = "ascending")]
[INFO] [stdout] 167  | |         sort_dir: SortDir,
[INFO] [stdout]      | |_________________________^ method cannot be called on `&&&&&&_AutoValueParser<SortDir>` due to unsatisfied trait bounds
[INFO] [stdout]      |
[INFO] [stdout]     ::: /opt/rustwide/cargo-home/registry/src/index.crates.io-6f17d22bba15001f/clap-4.0.17/src/builder/value_parser.rs:2171:1
[INFO] [stdout]      |
[INFO] [stdout] 2171 |   pub struct _AutoValueParser<T>(std::marker::PhantomData<T>);
[INFO] [stdout]      |   ------------------------------ doesn't satisfy `_: _ValueParserViaParse`
[INFO] [stdout]      |
[INFO] [stdout]      = note: the following trait bounds were not satisfied:
[INFO] [stdout]              `SortDir: ValueEnum`
[INFO] [stdout]              which is required by `&&&&&_AutoValueParser<SortDir>: clap::builder::via_prelude::_ValueParserViaValueEnum`
[INFO] [stdout]              `SortDir: Clone`
[INFO] [stdout]              which is required by `&&&&&_AutoValueParser<SortDir>: clap::builder::via_prelude::_ValueParserViaValueEnum`
[INFO] [stdout]              `SortDir: ValueParserFactory`
[INFO] [stdout]              which is required by `&&&&&&_AutoValueParser<SortDir>: clap::builder::via_prelude::_ValueParserViaFactory`
[INFO] [stdout]              `SortDir: From<OsString>`
[INFO] [stdout]              which is required by `&&&&_AutoValueParser<SortDir>: clap::builder::via_prelude::_ValueParserViaFromOsString`
[INFO] [stdout]              `SortDir: Clone`
[INFO] [stdout]              which is required by `&&&&_AutoValueParser<SortDir>: clap::builder::via_prelude::_ValueParserViaFromOsString`
[INFO] [stdout]              `SortDir: From<&'s std::ffi::OsStr>`
[INFO] [stdout]              which is required by `&&&_AutoValueParser<SortDir>: clap::builder::via_prelude::_ValueParserViaFromOsStr`
[INFO] [stdout]              `SortDir: Clone`
[INFO] [stdout]              which is required by `&&&_AutoValueParser<SortDir>: clap::builder::via_prelude::_ValueParserViaFromOsStr`
[INFO] [stdout]              `SortDir: From<std::string::String>`
[INFO] [stdout]              which is required by `&&_AutoValueParser<SortDir>: clap::builder::via_prelude::_ValueParserViaFromString`
[INFO] [stdout]              `SortDir: Clone`
[INFO] [stdout]              which is required by `&&_AutoValueParser<SortDir>: clap::builder::via_prelude::_ValueParserViaFromString`
[INFO] [stdout]              `SortDir: From<&'s str>`
[INFO] [stdout]              which is required by `&_AutoValueParser<SortDir>: clap::builder::via_prelude::_ValueParserViaFromStr`
[INFO] [stdout]              `SortDir: Clone`
[INFO] [stdout]              which is required by `&_AutoValueParser<SortDir>: clap::builder::via_prelude::_ValueParserViaFromStr`
[INFO] [stdout]              `SortDir: Clone`
[INFO] [stdout]              which is required by `_AutoValueParser<SortDir>: clap::builder::via_prelude::_ValueParserViaParse`
[INFO] [stdout] note: the traits `ValueEnum`, `ValueParserFactory`,  and `From` must be implemented
[INFO] [stdout]     --> /opt/rustwide/cargo-home/registry/src/index.crates.io-6f17d22bba15001f/clap-4.0.17/src/builder/value_parser.rs:2074:1
[INFO] [stdout]      |
[INFO] [stdout] 2074 | pub trait ValueParserFactory {
[INFO] [stdout]      | ^^^^^^^^^^^^^^^^^^^^^^^^^^^^
[INFO] [stdout]      |
[INFO] [stdout]     ::: /opt/rustwide/cargo-home/registry/src/index.crates.io-6f17d22bba15001f/clap-4.0.17/src/derive.rs:374:1
[INFO] [stdout]      |
[INFO] [stdout] 374  | pub trait ValueEnum: Sized + Clone {
[INFO] [stdout]      | ^^^^^^^^^^^^^^^^^^^^^^^^^^^^^^^^^^
[INFO] [stdout]     --> /rustc/9610dfe5a9a731ced1ea4923ecbd0c57fe367898/library/core/src/convert/mod.rs:539:1
[INFO] [stdout]      = note: this error originates in the macro `clap::value_parser` (in Nightly builds, run with -Z macro-backtrace for more info)
[INFO] [stdout] help: consider annotating `SortDir` with `#[derive(Clone)]`
[INFO] [stdout]      |
[INFO] [stdout] 68   + #[derive(Clone)]
[INFO] [stdout] 69   | pub enum SortDir {
[INFO] [stdout]      |
[INFO] [stdout] 
[INFO] [stdout] 
[INFO] [stdout] error[E0599]: the method `value_parser` exists for reference `&&&&&&_AutoValueParser<SortBy>`, but its trait bounds were not satisfied
[INFO] [stdout]     --> bin/aur/src/main.rs:162:9
[INFO] [stdout]      |
[INFO] [stdout] 44   |   pub enum SortBy {
[INFO] [stdout]      |   ---------------
[INFO] [stdout]      |   |
[INFO] [stdout]      |   doesn't satisfy `SortBy: Clone`
[INFO] [stdout]      |   doesn't satisfy `SortBy: From<&'s std::ffi::OsStr>`
[INFO] [stdout]      |   doesn't satisfy `SortBy: From<&'s str>`
[INFO] [stdout]      |   doesn't satisfy `SortBy: From<OsString>`
[INFO] [stdout]      |   doesn't satisfy `SortBy: From<std::string::String>`
[INFO] [stdout]      |   doesn't satisfy `SortBy: ValueEnum`
[INFO] [stdout]      |   doesn't satisfy `SortBy: ValueParserFactory`
[INFO] [stdout] ...
[INFO] [stdout] 162  | /         /// sort packages by this field if given
[INFO] [stdout] 163  | |         #[clap(short = 's', long, default_missing_value = "name")]
[INFO] [stdout] 164  | |         sort_by: Option<SortBy>,
[INFO] [stdout]      | |_______________________________^ method cannot be called on `&&&&&&_AutoValueParser<SortBy>` due to unsatisfied trait bounds
[INFO] [stdout]      |
[INFO] [stdout]     ::: /opt/rustwide/cargo-home/registry/src/index.crates.io-6f17d22bba15001f/clap-4.0.17/src/builder/value_parser.rs:2171:1
[INFO] [stdout]      |
[INFO] [stdout] 2171 |   pub struct _AutoValueParser<T>(std::marker::PhantomData<T>);
[INFO] [stdout]      |   ------------------------------ doesn't satisfy `_: _ValueParserViaParse`
[INFO] [stdout]      |
[INFO] [stdout]      = note: the following trait bounds were not satisfied:
[INFO] [stdout]              `SortBy: ValueEnum`
[INFO] [stdout]              which is required by `&&&&&_AutoValueParser<SortBy>: clap::builder::via_prelude::_ValueParserViaValueEnum`
[INFO] [stdout]              `SortBy: Clone`
[INFO] [stdout]              which is required by `&&&&&_AutoValueParser<SortBy>: clap::builder::via_prelude::_ValueParserViaValueEnum`
[INFO] [stdout]              `SortBy: ValueParserFactory`
[INFO] [stdout]              which is required by `&&&&&&_AutoValueParser<SortBy>: clap::builder::via_prelude::_ValueParserViaFactory`
[INFO] [stdout]              `SortBy: From<OsString>`
[INFO] [stdout]              which is required by `&&&&_AutoValueParser<SortBy>: clap::builder::via_prelude::_ValueParserViaFromOsString`
[INFO] [stdout]              `SortBy: Clone`
[INFO] [stdout]              which is required by `&&&&_AutoValueParser<SortBy>: clap::builder::via_prelude::_ValueParserViaFromOsString`
[INFO] [stdout]              `SortBy: From<&'s std::ffi::OsStr>`
[INFO] [stdout]              which is required by `&&&_AutoValueParser<SortBy>: clap::builder::via_prelude::_ValueParserViaFromOsStr`
[INFO] [stdout]              `SortBy: Clone`
[INFO] [stdout]              which is required by `&&&_AutoValueParser<SortBy>: clap::builder::via_prelude::_ValueParserViaFromOsStr`
[INFO] [stdout]              `SortBy: From<std::string::String>`
[INFO] [stdout]              which is required by `&&_AutoValueParser<SortBy>: clap::builder::via_prelude::_ValueParserViaFromString`
[INFO] [stdout]              `SortBy: Clone`
[INFO] [stdout]              which is required by `&&_AutoValueParser<SortBy>: clap::builder::via_prelude::_ValueParserViaFromString`
[INFO] [stdout]              `SortBy: From<&'s str>`
[INFO] [stdout]              which is required by `&_AutoValueParser<SortBy>: clap::builder::via_prelude::_ValueParserViaFromStr`
[INFO] [stdout]              `SortBy: Clone`
[INFO] [stdout]              which is required by `&_AutoValueParser<SortBy>: clap::builder::via_prelude::_ValueParserViaFromStr`
[INFO] [stdout]              `SortBy: Clone`
[INFO] [stdout]              which is required by `_AutoValueParser<SortBy>: clap::builder::via_prelude::_ValueParserViaParse`
[INFO] [stdout] note: the traits `ValueEnum`, `ValueParserFactory`,  and `From` must be implemented
[INFO] [stdout]     --> /opt/rustwide/cargo-home/registry/src/index.crates.io-6f17d22bba15001f/clap-4.0.17/src/builder/value_parser.rs:2074:1
[INFO] [stdout]      |
[INFO] [stdout] 2074 | pub trait ValueParserFactory {
[INFO] [stdout]      | ^^^^^^^^^^^^^^^^^^^^^^^^^^^^
[INFO] [stdout]      |
[INFO] [stdout]     ::: /opt/rustwide/cargo-home/registry/src/index.crates.io-6f17d22bba15001f/clap-4.0.17/src/derive.rs:374:1
[INFO] [stdout]      |
[INFO] [stdout] 374  | pub trait ValueEnum: Sized + Clone {
[INFO] [stdout]      | ^^^^^^^^^^^^^^^^^^^^^^^^^^^^^^^^^^
[INFO] [stdout]     --> /rustc/9610dfe5a9a731ced1ea4923ecbd0c57fe367898/library/core/src/convert/mod.rs:539:1
[INFO] [stdout]      = note: this error originates in the macro `clap::value_parser` (in Nightly builds, run with -Z macro-backtrace for more info)
[INFO] [stdout] help: consider annotating `SortBy` with `#[derive(Clone)]`
[INFO] [stdout]      |
[INFO] [stdout] 44   + #[derive(Clone)]
[INFO] [stdout] 45   | pub enum SortBy {
[INFO] [stdout]      |
[INFO] [stdout] 
[INFO] [stdout] 
[INFO] [stdout] error[E0599]: the method `value_parser` exists for reference `&&&&&&_AutoValueParser<SortDir>`, but its trait bounds were not satisfied
[INFO] [stdout]     --> bin/aur/src/main.rs:165:9
[INFO] [stdout]      |
[INFO] [stdout] 68   |   pub enum SortDir {
[INFO] [stdout]      |   ----------------
[INFO] [stdout]      |   |
[INFO] [stdout]      |   doesn't satisfy `SortDir: Clone`
[INFO] [stdout]      |   doesn't satisfy `SortDir: From<&'s std::ffi::OsStr>`
[INFO] [stdout]      |   doesn't satisfy `SortDir: From<&'s str>`
[INFO] [stdout]      |   doesn't satisfy `SortDir: From<OsString>`
[INFO] [stdout]      |   doesn't satisfy `SortDir: From<std::string::String>`
[INFO] [stdout]      |   doesn't satisfy `SortDir: ValueEnum`
[INFO] [stdout]      |   doesn't satisfy `SortDir: ValueParserFactory`
[INFO] [stdout] ...
[INFO] [stdout] 165  | /         /// direction in which to order sorting
[INFO] [stdout] 166  | |         #[clap(long, default_value = "ascending")]
[INFO] [stdout] 167  | |         sort_dir: SortDir,
[INFO] [stdout]      | |_________________________^ method cannot be called on `&&&&&&_AutoValueParser<SortDir>` due to unsatisfied trait bounds
[INFO] [stdout]      |
[INFO] [stdout]     ::: /opt/rustwide/cargo-home/registry/src/index.crates.io-6f17d22bba15001f/clap-4.0.17/src/builder/value_parser.rs:2171:1
[INFO] [stdout]      |
[INFO] [stdout] 2171 |   pub struct _AutoValueParser<T>(std::marker::PhantomData<T>);
[INFO] [stdout]      |   ------------------------------ doesn't satisfy `_: _ValueParserViaParse`
[INFO] [stdout]      |
[INFO] [stdout]      = note: the following trait bounds were not satisfied:
[INFO] [stdout]              `SortDir: ValueEnum`
[INFO] [stdout]              which is required by `&&&&&_AutoValueParser<SortDir>: clap::builder::via_prelude::_ValueParserViaValueEnum`
[INFO] [stdout]              `SortDir: Clone`
[INFO] [stdout]              which is required by `&&&&&_AutoValueParser<SortDir>: clap::builder::via_prelude::_ValueParserViaValueEnum`
[INFO] [stdout]              `SortDir: ValueParserFactory`
[INFO] [stdout]              which is required by `&&&&&&_AutoValueParser<SortDir>: clap::builder::via_prelude::_ValueParserViaFactory`
[INFO] [stdout]              `SortDir: From<OsString>`
[INFO] [stdout]              which is required by `&&&&_AutoValueParser<SortDir>: clap::builder::via_prelude::_ValueParserViaFromOsString`
[INFO] [stdout]              `SortDir: Clone`
[INFO] [stdout]              which is required by `&&&&_AutoValueParser<SortDir>: clap::builder::via_prelude::_ValueParserViaFromOsString`
[INFO] [stdout]              `SortDir: From<&'s std::ffi::OsStr>`
[INFO] [stdout]              which is required by `&&&_AutoValueParser<SortDir>: clap::builder::via_prelude::_ValueParserViaFromOsStr`
[INFO] [stdout]              `SortDir: Clone`
[INFO] [stdout]              which is required by `&&&_AutoValueParser<SortDir>: clap::builder::via_prelude::_ValueParserViaFromOsStr`
[INFO] [stdout]              `SortDir: From<std::string::String>`
[INFO] [stdout]              which is required by `&&_AutoValueParser<SortDir>: clap::builder::via_prelude::_ValueParserViaFromString`
[INFO] [stdout]              `SortDir: Clone`
[INFO] [stdout]              which is required by `&&_AutoValueParser<SortDir>: clap::builder::via_prelude::_ValueParserViaFromString`
[INFO] [stdout]              `SortDir: From<&'s str>`
[INFO] [stdout]              which is required by `&_AutoValueParser<SortDir>: clap::builder::via_prelude::_ValueParserViaFromStr`
[INFO] [stdout]              `SortDir: Clone`
[INFO] [stdout]              which is required by `&_AutoValueParser<SortDir>: clap::builder::via_prelude::_ValueParserViaFromStr`
[INFO] [stdout]              `SortDir: Clone`
[INFO] [stdout]              which is required by `_AutoValueParser<SortDir>: clap::builder::via_prelude::_ValueParserViaParse`
[INFO] [stdout] note: the traits `ValueEnum`, `ValueParserFactory`,  and `From` must be implemented
[INFO] [stdout]     --> /opt/rustwide/cargo-home/registry/src/index.crates.io-6f17d22bba15001f/clap-4.0.17/src/builder/value_parser.rs:2074:1
[INFO] [stdout]      |
[INFO] [stdout] 2074 | pub trait ValueParserFactory {
[INFO] [stdout]      | ^^^^^^^^^^^^^^^^^^^^^^^^^^^^
[INFO] [stdout]      |
[INFO] [stdout]     ::: /opt/rustwide/cargo-home/registry/src/index.crates.io-6f17d22bba15001f/clap-4.0.17/src/derive.rs:374:1
[INFO] [stdout]      |
[INFO] [stdout] 374  | pub trait ValueEnum: Sized + Clone {
[INFO] [stdout]      | ^^^^^^^^^^^^^^^^^^^^^^^^^^^^^^^^^^
[INFO] [stdout]     --> /rustc/9610dfe5a9a731ced1ea4923ecbd0c57fe367898/library/core/src/convert/mod.rs:539:1
[INFO] [stdout]      = note: this error originates in the macro `clap::value_parser` (in Nightly builds, run with -Z macro-backtrace for more info)
[INFO] [stdout] help: consider annotating `SortDir` with `#[derive(Clone)]`
[INFO] [stdout]      |
[INFO] [stdout] 68   + #[derive(Clone)]
[INFO] [stdout] 69   | pub enum SortDir {
[INFO] [stdout]      |
[INFO] [stdout] 
[INFO] [stdout] 
[INFO] [stdout] error[E0599]: the method `value_parser` exists for reference `&&&&&&_AutoValueParser<SearchBy>`, but its trait bounds were not satisfied
[INFO] [stdout]     --> bin/aur/src/main.rs:150:9
[INFO] [stdout]      |
[INFO] [stdout] 150  | / ...   /// field by which to search
[INFO] [stdout] 151  | | ...   #[clap(short, long, default_value = "name-desc", parse(try_from_str = parse_field), possible_values = ["name", "name-desc", "mainta...
[INFO] [stdout] 152  | | ...   field: SearchBy,
[INFO] [stdout]      | |_____________________^ method cannot be called on `&&&&&&_AutoValueParser<SearchBy>` due to unsatisfied trait bounds
[INFO] [stdout]      |
[INFO] [stdout]     ::: /opt/rustwide/cargo-home/registry/src/index.crates.io-6f17d22bba15001f/raur-6.0.0/src/raur.rs:85:1
[INFO] [stdout]      |
[INFO] [stdout] 85   |   pub enum SearchBy {
[INFO] [stdout]      |   -----------------
[INFO] [stdout]      |   |
[INFO] [stdout]      |   doesn't satisfy `SearchBy: From<&'s std::ffi::OsStr>`
[INFO] [stdout]      |   doesn't satisfy `SearchBy: From<&'s str>`
[INFO] [stdout]      |   doesn't satisfy `SearchBy: From<OsString>`
[INFO] [stdout]      |   doesn't satisfy `SearchBy: From<std::string::String>`
[INFO] [stdout]      |   doesn't satisfy `SearchBy: FromStr`
[INFO] [stdout]      |   doesn't satisfy `SearchBy: ValueEnum`
[INFO] [stdout]      |   doesn't satisfy `SearchBy: ValueParserFactory`
[INFO] [stdout]      |
[INFO] [stdout]     ::: /opt/rustwide/cargo-home/registry/src/index.crates.io-6f17d22bba15001f/clap-4.0.17/src/builder/value_parser.rs:2171:1
[INFO] [stdout]      |
[INFO] [stdout] 2171 |   pub struct _AutoValueParser<T>(std::marker::PhantomData<T>);
[INFO] [stdout]      |   ------------------------------ doesn't satisfy `_: _ValueParserViaParse`
[INFO] [stdout]      |
[INFO] [stdout]      = note: the following trait bounds were not satisfied:
[INFO] [stdout]              `SearchBy: ValueEnum`
[INFO] [stdout]              which is required by `&&&&&_AutoValueParser<SearchBy>: clap::builder::via_prelude::_ValueParserViaValueEnum`
[INFO] [stdout]              `SearchBy: ValueParserFactory`
[INFO] [stdout]              which is required by `&&&&&&_AutoValueParser<SearchBy>: clap::builder::via_prelude::_ValueParserViaFactory`
[INFO] [stdout]              `SearchBy: From<OsString>`
[INFO] [stdout]              which is required by `&&&&_AutoValueParser<SearchBy>: clap::builder::via_prelude::_ValueParserViaFromOsString`
[INFO] [stdout]              `SearchBy: From<&'s std::ffi::OsStr>`
[INFO] [stdout]              which is required by `&&&_AutoValueParser<SearchBy>: clap::builder::via_prelude::_ValueParserViaFromOsStr`
[INFO] [stdout]              `SearchBy: From<std::string::String>`
[INFO] [stdout]              which is required by `&&_AutoValueParser<SearchBy>: clap::builder::via_prelude::_ValueParserViaFromString`
[INFO] [stdout]              `SearchBy: From<&'s str>`
[INFO] [stdout]              which is required by `&_AutoValueParser<SearchBy>: clap::builder::via_prelude::_ValueParserViaFromStr`
[INFO] [stdout]              `SearchBy: FromStr`
[INFO] [stdout]              which is required by `_AutoValueParser<SearchBy>: clap::builder::via_prelude::_ValueParserViaParse`
[INFO] [stdout]      = note: this error originates in the macro `clap::value_parser` (in Nightly builds, run with -Z macro-backtrace for more info)
[INFO] [stdout] 
[INFO] [stdout] 
[INFO] [stdout] error[E0599]: the method `value_parser` exists for reference `&&&&&&_AutoValueParser<SearchBy>`, but its trait bounds were not satisfied
[INFO] [stdout]     --> bin/aur/src/main.rs:150:9
[INFO] [stdout]      |
[INFO] [stdout] 150  | / ...   /// field by which to search
[INFO] [stdout] 151  | | ...   #[clap(short, long, default_value = "name-desc", parse(try_from_str = parse_field), possible_values = ["name", "name-desc", "mainta...
[INFO] [stdout] 152  | | ...   field: SearchBy,
[INFO] [stdout]      | |_____________________^ method cannot be called on `&&&&&&_AutoValueParser<SearchBy>` due to unsatisfied trait bounds
[INFO] [stdout]      |
[INFO] [stdout]     ::: /opt/rustwide/cargo-home/registry/src/index.crates.io-6f17d22bba15001f/raur-6.0.0/src/raur.rs:85:1
[INFO] [stdout]      |
[INFO] [stdout] 85   |   pub enum SearchBy {
[INFO] [stdout]      |   -----------------
[INFO] [stdout]      |   |
[INFO] [stdout]      |   doesn't satisfy `SearchBy: From<&'s std::ffi::OsStr>`
[INFO] [stdout]      |   doesn't satisfy `SearchBy: From<&'s str>`
[INFO] [stdout]      |   doesn't satisfy `SearchBy: From<OsString>`
[INFO] [stdout]      |   doesn't satisfy `SearchBy: From<std::string::String>`
[INFO] [stdout]      |   doesn't satisfy `SearchBy: FromStr`
[INFO] [stdout]      |   doesn't satisfy `SearchBy: ValueEnum`
[INFO] [stdout]      |   doesn't satisfy `SearchBy: ValueParserFactory`
[INFO] [stdout]      |
[INFO] [stdout]     ::: /opt/rustwide/cargo-home/registry/src/index.crates.io-6f17d22bba15001f/clap-4.0.17/src/builder/value_parser.rs:2171:1
[INFO] [stdout]      |
[INFO] [stdout] 2171 |   pub struct _AutoValueParser<T>(std::marker::PhantomData<T>);
[INFO] [stdout]      |   ------------------------------ doesn't satisfy `_: _ValueParserViaParse`
[INFO] [stdout]      |
[INFO] [stdout]      = note: the following trait bounds were not satisfied:
[INFO] [stdout]              `SearchBy: ValueEnum`
[INFO] [stdout]              which is required by `&&&&&_AutoValueParser<SearchBy>: clap::builder::via_prelude::_ValueParserViaValueEnum`
[INFO] [stdout]              `SearchBy: ValueParserFactory`
[INFO] [stdout]              which is required by `&&&&&&_AutoValueParser<SearchBy>: clap::builder::via_prelude::_ValueParserViaFactory`
[INFO] [stdout]              `SearchBy: From<OsString>`
[INFO] [stdout]              which is required by `&&&&_AutoValueParser<SearchBy>: clap::builder::via_prelude::_ValueParserViaFromOsString`
[INFO] [stdout]              `SearchBy: From<&'s std::ffi::OsStr>`
[INFO] [stdout]              which is required by `&&&_AutoValueParser<SearchBy>: clap::builder::via_prelude::_ValueParserViaFromOsStr`
[INFO] [stdout]              `SearchBy: From<std::string::String>`
[INFO] [stdout]              which is required by `&&_AutoValueParser<SearchBy>: clap::builder::via_prelude::_ValueParserViaFromString`
[INFO] [stdout]              `SearchBy: From<&'s str>`
[INFO] [stdout]              which is required by `&_AutoValueParser<SearchBy>: clap::builder::via_prelude::_ValueParserViaFromStr`
[INFO] [stdout]              `SearchBy: FromStr`
[INFO] [stdout]              which is required by `_AutoValueParser<SearchBy>: clap::builder::via_prelude::_ValueParserViaParse`
[INFO] [stdout]      = note: this error originates in the macro `clap::value_parser` (in Nightly builds, run with -Z macro-backtrace for more info)
[INFO] [stdout] 
[INFO] [stdout] 
[INFO] [stdout] error[E0599]: the method `value_parser` exists for reference `&&&&&&_AutoValueParser<SortBy>`, but its trait bounds were not satisfied
[INFO] [stdout]     --> bin/aur/src/main.rs:162:9
[INFO] [stdout]      |
[INFO] [stdout] 44   |   pub enum SortBy {
[INFO] [stdout]      |   ---------------
[INFO] [stdout]      |   |
[INFO] [stdout]      |   doesn't satisfy `SortBy: Clone`
[INFO] [stdout]      |   doesn't satisfy `SortBy: From<&'s std::ffi::OsStr>`
[INFO] [stdout]      |   doesn't satisfy `SortBy: From<&'s str>`
[INFO] [stdout]      |   doesn't satisfy `SortBy: From<OsString>`
[INFO] [stdout]      |   doesn't satisfy `SortBy: From<std::string::String>`
[INFO] [stdout]      |   doesn't satisfy `SortBy: ValueEnum`
[INFO] [stdout]      |   doesn't satisfy `SortBy: ValueParserFactory`
[INFO] [stdout] ...
[INFO] [stdout] 162  | /         /// sort packages by this field if given
[INFO] [stdout] 163  | |         #[clap(short = 's', long, default_missing_value = "name")]
[INFO] [stdout] 164  | |         sort_by: Option<SortBy>,
[INFO] [stdout]      | |_______________________________^ method cannot be called on `&&&&&&_AutoValueParser<SortBy>` due to unsatisfied trait bounds
[INFO] [stdout]      |
[INFO] [stdout]     ::: /opt/rustwide/cargo-home/registry/src/index.crates.io-6f17d22bba15001f/clap-4.0.17/src/builder/value_parser.rs:2171:1
[INFO] [stdout]      |
[INFO] [stdout] 2171 |   pub struct _AutoValueParser<T>(std::marker::PhantomData<T>);
[INFO] [stdout]      |   ------------------------------ doesn't satisfy `_: _ValueParserViaParse`
[INFO] [stdout]      |
[INFO] [stdout]      = note: the following trait bounds were not satisfied:
[INFO] [stdout]              `SortBy: ValueEnum`
[INFO] [stdout]              which is required by `&&&&&_AutoValueParser<SortBy>: clap::builder::via_prelude::_ValueParserViaValueEnum`
[INFO] [stdout]              `SortBy: Clone`
[INFO] [stdout]              which is required by `&&&&&_AutoValueParser<SortBy>: clap::builder::via_prelude::_ValueParserViaValueEnum`
[INFO] [stdout]              `SortBy: ValueParserFactory`
[INFO] [stdout]              which is required by `&&&&&&_AutoValueParser<SortBy>: clap::builder::via_prelude::_ValueParserViaFactory`
[INFO] [stdout]              `SortBy: From<OsString>`
[INFO] [stdout]              which is required by `&&&&_AutoValueParser<SortBy>: clap::builder::via_prelude::_ValueParserViaFromOsString`
[INFO] [stdout]              `SortBy: Clone`
[INFO] [stdout]              which is required by `&&&&_AutoValueParser<SortBy>: clap::builder::via_prelude::_ValueParserViaFromOsString`
[INFO] [stdout]              `SortBy: From<&'s std::ffi::OsStr>`
[INFO] [stdout]              which is required by `&&&_AutoValueParser<SortBy>: clap::builder::via_prelude::_ValueParserViaFromOsStr`
[INFO] [stdout]              `SortBy: Clone`
[INFO] [stdout]              which is required by `&&&_AutoValueParser<SortBy>: clap::builder::via_prelude::_ValueParserViaFromOsStr`
[INFO] [stdout]              `SortBy: From<std::string::String>`
[INFO] [stdout]              which is required by `&&_AutoValueParser<SortBy>: clap::builder::via_prelude::_ValueParserViaFromString`
[INFO] [stdout]              `SortBy: Clone`
[INFO] [stdout]              which is required by `&&_AutoValueParser<SortBy>: clap::builder::via_prelude::_ValueParserViaFromString`
[INFO] [stdout]              `SortBy: From<&'s str>`
[INFO] [stdout]              which is required by `&_AutoValueParser<SortBy>: clap::builder::via_prelude::_ValueParserViaFromStr`
[INFO] [stdout]              `SortBy: Clone`
[INFO] [stdout]              which is required by `&_AutoValueParser<SortBy>: clap::builder::via_prelude::_ValueParserViaFromStr`
[INFO] [stdout]              `SortBy: Clone`
[INFO] [stdout]              which is required by `_AutoValueParser<SortBy>: clap::builder::via_prelude::_ValueParserViaParse`
[INFO] [stdout] note: the traits `ValueEnum`, `ValueParserFactory`,  and `From` must be implemented
[INFO] [stdout]     --> /opt/rustwide/cargo-home/registry/src/index.crates.io-6f17d22bba15001f/clap-4.0.17/src/builder/value_parser.rs:2074:1
[INFO] [stdout]      |
[INFO] [stdout] 2074 | pub trait ValueParserFactory {
[INFO] [stdout]      | ^^^^^^^^^^^^^^^^^^^^^^^^^^^^
[INFO] [stdout]      |
[INFO] [stdout]     ::: /opt/rustwide/cargo-home/registry/src/index.crates.io-6f17d22bba15001f/clap-4.0.17/src/derive.rs:374:1
[INFO] [stdout]      |
[INFO] [stdout] 374  | pub trait ValueEnum: Sized + Clone {
[INFO] [stdout]      | ^^^^^^^^^^^^^^^^^^^^^^^^^^^^^^^^^^
[INFO] [stdout]     --> /rustc/9610dfe5a9a731ced1ea4923ecbd0c57fe367898/library/core/src/convert/mod.rs:539:1
[INFO] [stdout]      = note: this error originates in the macro `clap::value_parser` (in Nightly builds, run with -Z macro-backtrace for more info)
[INFO] [stdout] help: consider annotating `SortBy` with `#[derive(Clone)]`
[INFO] [stdout]      |
[INFO] [stdout] 44   + #[derive(Clone)]
[INFO] [stdout] 45   | pub enum SortBy {
[INFO] [stdout]      |
[INFO] [stdout] 
[INFO] [stdout] 
[INFO] [stdout] error[E0599]: the method `value_parser` exists for reference `&&&&&&_AutoValueParser<SortBy>`, but its trait bounds were not satisfied
[INFO] [stdout]     --> bin/aur/src/main.rs:162:9
[INFO] [stdout]      |
[INFO] [stdout] 44   |   pub enum SortBy {
[INFO] [stdout]      |   ---------------
[INFO] [stdout]      |   |
[INFO] [stdout]      |   doesn't satisfy `SortBy: Clone`
[INFO] [stdout]      |   doesn't satisfy `SortBy: From<&'s std::ffi::OsStr>`
[INFO] [stdout]      |   doesn't satisfy `SortBy: From<&'s str>`
[INFO] [stdout]      |   doesn't satisfy `SortBy: From<OsString>`
[INFO] [stdout]      |   doesn't satisfy `SortBy: From<std::string::String>`
[INFO] [stdout]      |   doesn't satisfy `SortBy: ValueEnum`
[INFO] [stdout]      |   doesn't satisfy `SortBy: ValueParserFactory`
[INFO] [stdout] ...
[INFO] [stdout] 162  | /         /// sort packages by this field if given
[INFO] [stdout] 163  | |         #[clap(short = 's', long, default_missing_value = "name")]
[INFO] [stdout] 164  | |         sort_by: Option<SortBy>,
[INFO] [stdout]      | |_______________________________^ method cannot be called on `&&&&&&_AutoValueParser<SortBy>` due to unsatisfied trait bounds
[INFO] [stdout]      |
[INFO] [stdout]     ::: /opt/rustwide/cargo-home/registry/src/index.crates.io-6f17d22bba15001f/clap-4.0.17/src/builder/value_parser.rs:2171:1
[INFO] [stdout]      |
[INFO] [stdout] 2171 |   pub struct _AutoValueParser<T>(std::marker::PhantomData<T>);
[INFO] [stdout]      |   ------------------------------ doesn't satisfy `_: _ValueParserViaParse`
[INFO] [stdout]      |
[INFO] [stdout]      = note: the following trait bounds were not satisfied:
[INFO] [stdout]              `SortBy: ValueEnum`
[INFO] [stdout]              which is required by `&&&&&_AutoValueParser<SortBy>: clap::builder::via_prelude::_ValueParserViaValueEnum`
[INFO] [stdout]              `SortBy: Clone`
[INFO] [stdout]              which is required by `&&&&&_AutoValueParser<SortBy>: clap::builder::via_prelude::_ValueParserViaValueEnum`
[INFO] [stdout]              `SortBy: ValueParserFactory`
[INFO] [stdout]              which is required by `&&&&&&_AutoValueParser<SortBy>: clap::builder::via_prelude::_ValueParserViaFactory`
[INFO] [stdout]              `SortBy: From<OsString>`
[INFO] [stdout]              which is required by `&&&&_AutoValueParser<SortBy>: clap::builder::via_prelude::_ValueParserViaFromOsString`
[INFO] [stdout]              `SortBy: Clone`
[INFO] [stdout]              which is required by `&&&&_AutoValueParser<SortBy>: clap::builder::via_prelude::_ValueParserViaFromOsString`
[INFO] [stdout]              `SortBy: From<&'s std::ffi::OsStr>`
[INFO] [stdout]              which is required by `&&&_AutoValueParser<SortBy>: clap::builder::via_prelude::_ValueParserViaFromOsStr`
[INFO] [stdout]              `SortBy: Clone`
[INFO] [stdout]              which is required by `&&&_AutoValueParser<SortBy>: clap::builder::via_prelude::_ValueParserViaFromOsStr`
[INFO] [stdout]              `SortBy: From<std::string::String>`
[INFO] [stdout]              which is required by `&&_AutoValueParser<SortBy>: clap::builder::via_prelude::_ValueParserViaFromString`
[INFO] [stdout]              `SortBy: Clone`
[INFO] [stdout]              which is required by `&&_AutoValueParser<SortBy>: clap::builder::via_prelude::_ValueParserViaFromString`
[INFO] [stdout]              `SortBy: From<&'s str>`
[INFO] [stdout]              which is required by `&_AutoValueParser<SortBy>: clap::builder::via_prelude::_ValueParserViaFromStr`
[INFO] [stdout]              `SortBy: Clone`
[INFO] [stdout]              which is required by `&_AutoValueParser<SortBy>: clap::builder::via_prelude::_ValueParserViaFromStr`
[INFO] [stdout]              `SortBy: Clone`
[INFO] [stdout]              which is required by `_AutoValueParser<SortBy>: clap::builder::via_prelude::_ValueParserViaParse`
[INFO] [stdout] note: the traits `ValueEnum`, `ValueParserFactory`,  and `From` must be implemented
[INFO] [stdout]     --> /opt/rustwide/cargo-home/registry/src/index.crates.io-6f17d22bba15001f/clap-4.0.17/src/builder/value_parser.rs:2074:1
[INFO] [stdout]      |
[INFO] [stdout] 2074 | pub trait ValueParserFactory {
[INFO] [stdout]      | ^^^^^^^^^^^^^^^^^^^^^^^^^^^^
[INFO] [stdout]      |
[INFO] [stdout]     ::: /opt/rustwide/cargo-home/registry/src/index.crates.io-6f17d22bba15001f/clap-4.0.17/src/derive.rs:374:1
[INFO] [stdout]      |
[INFO] [stdout] 374  | pub trait ValueEnum: Sized + Clone {
[INFO] [stdout]      | ^^^^^^^^^^^^^^^^^^^^^^^^^^^^^^^^^^
[INFO] [stdout]     --> /rustc/9610dfe5a9a731ced1ea4923ecbd0c57fe367898/library/core/src/convert/mod.rs:539:1
[INFO] [stdout]      = note: this error originates in the macro `clap::value_parser` (in Nightly builds, run with -Z macro-backtrace for more info)
[INFO] [stdout] help: consider annotating `SortBy` with `#[derive(Clone)]`
[INFO] [stdout]      |
[INFO] [stdout] 44   + #[derive(Clone)]
[INFO] [stdout] 45   | pub enum SortBy {
[INFO] [stdout]      |
[INFO] [stdout] 
[INFO] [stdout] 
[INFO] [stdout] error[E0599]: the method `value_parser` exists for reference `&&&&&&_AutoValueParser<SortDir>`, but its trait bounds were not satisfied
[INFO] [stdout]     --> bin/aur/src/main.rs:165:9
[INFO] [stdout]      |
[INFO] [stdout] 68   |   pub enum SortDir {
[INFO] [stdout]      |   ----------------
[INFO] [stdout]      |   |
[INFO] [stdout]      |   doesn't satisfy `SortDir: Clone`
[INFO] [stdout]      |   doesn't satisfy `SortDir: From<&'s std::ffi::OsStr>`
[INFO] [stdout]      |   doesn't satisfy `SortDir: From<&'s str>`
[INFO] [stdout]      |   doesn't satisfy `SortDir: From<OsString>`
[INFO] [stdout]      |   doesn't satisfy `SortDir: From<std::string::String>`
[INFO] [stdout]      |   doesn't satisfy `SortDir: ValueEnum`
[INFO] [stdout]      |   doesn't satisfy `SortDir: ValueParserFactory`
[INFO] [stdout] ...
[INFO] [stdout] 165  | /         /// direction in which to order sorting
[INFO] [stdout] 166  | |         #[clap(long, default_value = "ascending")]
[INFO] [stdout] 167  | |         sort_dir: SortDir,
[INFO] [stdout]      | |_________________________^ method cannot be called on `&&&&&&_AutoValueParser<SortDir>` due to unsatisfied trait bounds
[INFO] [stdout]      |
[INFO] [stdout]     ::: /opt/rustwide/cargo-home/registry/src/index.crates.io-6f17d22bba15001f/clap-4.0.17/src/builder/value_parser.rs:2171:1
[INFO] [stdout]      |
[INFO] [stdout] 2171 |   pub struct _AutoValueParser<T>(std::marker::PhantomData<T>);
[INFO] [stdout]      |   ------------------------------ doesn't satisfy `_: _ValueParserViaParse`
[INFO] [stdout]      |
[INFO] [stdout]      = note: the following trait bounds were not satisfied:
[INFO] [stdout]              `SortDir: ValueEnum`
[INFO] [stdout]              which is required by `&&&&&_AutoValueParser<SortDir>: clap::builder::via_prelude::_ValueParserViaValueEnum`
[INFO] [stdout]              `SortDir: Clone`
[INFO] [stdout]              which is required by `&&&&&_AutoValueParser<SortDir>: clap::builder::via_prelude::_ValueParserViaValueEnum`
[INFO] [stdout]              `SortDir: ValueParserFactory`
[INFO] [stdout]              which is required by `&&&&&&_AutoValueParser<SortDir>: clap::builder::via_prelude::_ValueParserViaFactory`
[INFO] [stdout]              `SortDir: From<OsString>`
[INFO] [stdout]              which is required by `&&&&_AutoValueParser<SortDir>: clap::builder::via_prelude::_ValueParserViaFromOsString`
[INFO] [stdout]              `SortDir: Clone`
[INFO] [stdout]              which is required by `&&&&_AutoValueParser<SortDir>: clap::builder::via_prelude::_ValueParserViaFromOsString`
[INFO] [stdout]              `SortDir: From<&'s std::ffi::OsStr>`
[INFO] [stdout]              which is required by `&&&_AutoValueParser<SortDir>: clap::builder::via_prelude::_ValueParserViaFromOsStr`
[INFO] [stdout]              `SortDir: Clone`
[INFO] [stdout]              which is required by `&&&_AutoValueParser<SortDir>: clap::builder::via_prelude::_ValueParserViaFromOsStr`
[INFO] [stdout]              `SortDir: From<std::string::String>`
[INFO] [stdout]              which is required by `&&_AutoValueParser<SortDir>: clap::builder::via_prelude::_ValueParserViaFromString`
[INFO] [stdout]              `SortDir: Clone`
[INFO] [stdout]              which is required by `&&_AutoValueParser<SortDir>: clap::builder::via_prelude::_ValueParserViaFromString`
[INFO] [stdout]              `SortDir: From<&'s str>`
[INFO] [stdout]              which is required by `&_AutoValueParser<SortDir>: clap::builder::via_prelude::_ValueParserViaFromStr`
[INFO] [stdout]              `SortDir: Clone`
[INFO] [stdout]              which is required by `&_AutoValueParser<SortDir>: clap::builder::via_prelude::_ValueParserViaFromStr`
[INFO] [stdout]              `SortDir: Clone`
[INFO] [stdout]              which is required by `_AutoValueParser<SortDir>: clap::builder::via_prelude::_ValueParserViaParse`
[INFO] [stdout] note: the traits `ValueEnum`, `ValueParserFactory`,  and `From` must be implemented
[INFO] [stdout]     --> /opt/rustwide/cargo-home/registry/src/index.crates.io-6f17d22bba15001f/clap-4.0.17/src/builder/value_parser.rs:2074:1
[INFO] [stdout]      |
[INFO] [stdout] 2074 | pub trait ValueParserFactory {
[INFO] [stdout]      | ^^^^^^^^^^^^^^^^^^^^^^^^^^^^
[INFO] [stdout]      |
[INFO] [stdout]     ::: /opt/rustwide/cargo-home/registry/src/index.crates.io-6f17d22bba15001f/clap-4.0.17/src/derive.rs:374:1
[INFO] [stdout]      |
[INFO] [stdout] 374  | pub trait ValueEnum: Sized + Clone {
[INFO] [stdout]      | ^^^^^^^^^^^^^^^^^^^^^^^^^^^^^^^^^^
[INFO] [stdout]     --> /rustc/9610dfe5a9a731ced1ea4923ecbd0c57fe367898/library/core/src/convert/mod.rs:539:1
[INFO] [stdout]      = note: this error originates in the macro `clap::value_parser` (in Nightly builds, run with -Z macro-backtrace for more info)
[INFO] [stdout] help: consider annotating `SortDir` with `#[derive(Clone)]`
[INFO] [stdout]      |
[INFO] [stdout] 68   + #[derive(Clone)]
[INFO] [stdout] 69   | pub enum SortDir {
[INFO] [stdout]      |
[INFO] [stdout] 
[INFO] [stdout] 
[INFO] [stdout] error[E0599]: the method `value_parser` exists for reference `&&&&&&_AutoValueParser<SortDir>`, but its trait bounds were not satisfied
[INFO] [stdout]     --> bin/aur/src/main.rs:165:9
[INFO] [stdout]      |
[INFO] [stdout] 68   |   pub enum SortDir {
[INFO] [stdout]      |   ----------------
[INFO] [stdout]      |   |
[INFO] [stdout]      |   doesn't satisfy `SortDir: Clone`
[INFO] [stdout]      |   doesn't satisfy `SortDir: From<&'s std::ffi::OsStr>`
[INFO] [stdout]      |   doesn't satisfy `SortDir: From<&'s str>`
[INFO] [stdout]      |   doesn't satisfy `SortDir: From<OsString>`
[INFO] [stdout]      |   doesn't satisfy `SortDir: From<std::string::String>`
[INFO] [stdout]      |   doesn't satisfy `SortDir: ValueEnum`
[INFO] [stdout]      |   doesn't satisfy `SortDir: ValueParserFactory`
[INFO] [stdout] ...
[INFO] [stdout] 165  | /         /// direction in which to order sorting
[INFO] [stdout] 166  | |         #[clap(long, default_value = "ascending")]
[INFO] [stdout] 167  | |         sort_dir: SortDir,
[INFO] [stdout]      | |_________________________^ method cannot be called on `&&&&&&_AutoValueParser<SortDir>` due to unsatisfied trait bounds
[INFO] [stdout]      |
[INFO] [stdout]     ::: /opt/rustwide/cargo-home/registry/src/index.crates.io-6f17d22bba15001f/clap-4.0.17/src/builder/value_parser.rs:2171:1
[INFO] [stdout]      |
[INFO] [stdout] 2171 |   pub struct _AutoValueParser<T>(std::marker::PhantomData<T>);
[INFO] [stdout]      |   ------------------------------ doesn't satisfy `_: _ValueParserViaParse`
[INFO] [stdout]      |
[INFO] [stdout]      = note: the following trait bounds were not satisfied:
[INFO] [stdout]              `SortDir: ValueEnum`
[INFO] [stdout]              which is required by `&&&&&_AutoValueParser<SortDir>: clap::builder::via_prelude::_ValueParserViaValueEnum`
[INFO] [stdout]              `SortDir: Clone`
[INFO] [stdout]              which is required by `&&&&&_AutoValueParser<SortDir>: clap::builder::via_prelude::_ValueParserViaValueEnum`
[INFO] [stdout]              `SortDir: ValueParserFactory`
[INFO] [stdout]              which is required by `&&&&&&_AutoValueParser<SortDir>: clap::builder::via_prelude::_ValueParserViaFactory`
[INFO] [stdout]              `SortDir: From<OsString>`
[INFO] [stdout]              which is required by `&&&&_AutoValueParser<SortDir>: clap::builder::via_prelude::_ValueParserViaFromOsString`
[INFO] [stdout]              `SortDir: Clone`
[INFO] [stdout]              which is required by `&&&&_AutoValueParser<SortDir>: clap::builder::via_prelude::_ValueParserViaFromOsString`
[INFO] [stdout]              `SortDir: From<&'s std::ffi::OsStr>`
[INFO] [stdout]              which is required by `&&&_AutoValueParser<SortDir>: clap::builder::via_prelude::_ValueParserViaFromOsStr`
[INFO] [stdout]              `SortDir: Clone`
[INFO] [stdout]              which is required by `&&&_AutoValueParser<SortDir>: clap::builder::via_prelude::_ValueParserViaFromOsStr`
[INFO] [stdout]              `SortDir: From<std::string::String>`
[INFO] [stdout]              which is required by `&&_AutoValueParser<SortDir>: clap::builder::via_prelude::_ValueParserViaFromString`
[INFO] [stdout]              `SortDir: Clone`
[INFO] [stdout]              which is required by `&&_AutoValueParser<SortDir>: clap::builder::via_prelude::_ValueParserViaFromString`
[INFO] [stdout]              `SortDir: From<&'s str>`
[INFO] [stdout]              which is required by `&_AutoValueParser<SortDir>: clap::builder::via_prelude::_ValueParserViaFromStr`
[INFO] [stdout]              `SortDir: Clone`
[INFO] [stdout]              which is required by `&_AutoValueParser<SortDir>: clap::builder::via_prelude::_ValueParserViaFromStr`
[INFO] [stdout]              `SortDir: Clone`
[INFO] [stdout]              which is required by `_AutoValueParser<SortDir>: clap::builder::via_prelude::_ValueParserViaParse`
[INFO] [stdout] note: the traits `ValueEnum`, `ValueParserFactory`,  and `From` must be implemented
[INFO] [stdout]     --> /opt/rustwide/cargo-home/registry/src/index.crates.io-6f17d22bba15001f/clap-4.0.17/src/builder/value_parser.rs:2074:1
[INFO] [stdout]      |
[INFO] [stdout] 2074 | pub trait ValueParserFactory {
[INFO] [stdout]      | ^^^^^^^^^^^^^^^^^^^^^^^^^^^^
[INFO] [stdout]      |
[INFO] [stdout]     ::: /opt/rustwide/cargo-home/registry/src/index.crates.io-6f17d22bba15001f/clap-4.0.17/src/derive.rs:374:1
[INFO] [stdout]      |
[INFO] [stdout] 374  | pub trait ValueEnum: Sized + Clone {
[INFO] [stdout]      | ^^^^^^^^^^^^^^^^^^^^^^^^^^^^^^^^^^
[INFO] [stdout]     --> /rustc/9610dfe5a9a731ced1ea4923ecbd0c57fe367898/library/core/src/convert/mod.rs:539:1
[INFO] [stdout]      = note: this error originates in the macro `clap::value_parser` (in Nightly builds, run with -Z macro-backtrace for more info)
[INFO] [stdout] help: consider annotating `SortDir` with `#[derive(Clone)]`
[INFO] [stdout]      |
[INFO] [stdout] 68   + #[derive(Clone)]
[INFO] [stdout] 69   | pub enum SortDir {
[INFO] [stdout]      |
[INFO] [stdout] 
[INFO] [stdout] 
[INFO] [stdout] error: aborting due to 12 previous errors; 1 warning emitted
[INFO] [stdout] 
[INFO] [stdout] 
[INFO] [stdout] Some errors have detailed explanations: E0277, E0425, E0599, E0658.
[INFO] [stdout] 
[INFO] [stdout] For more information about an error, try `rustc --explain E0277`.
[INFO] [stdout] 
[INFO] [stdout] error: aborting due to 12 previous errors; 1 warning emitted
[INFO] [stdout] 
[INFO] [stdout] 
[INFO] [stdout] Some errors have detailed explanations: E0277, E0425, E0599, E0658.
[INFO] [stdout] 
[INFO] [stdout] For more information about an error, try `rustc --explain E0277`.
[INFO] [stdout] 
[INFO] [stderr] error: could not compile `aur` (bin "aur" test) due to 13 previous errors; 1 warning emitted
[INFO] [stderr] warning: build failed, waiting for other jobs to finish...
[INFO] [stderr] error: could not compile `aur` (bin "aur") due to 13 previous errors; 1 warning emitted
[INFO] running `Command { std: "docker" "inspect" "daca2c835e8c3d815fdddf6c91fd026660df8ae8741c8954e9b2f4d55f01b1c5", kill_on_drop: false }`
[INFO] running `Command { std: "docker" "rm" "-f" "daca2c835e8c3d815fdddf6c91fd026660df8ae8741c8954e9b2f4d55f01b1c5", kill_on_drop: false }`
[INFO] [stdout] daca2c835e8c3d815fdddf6c91fd026660df8ae8741c8954e9b2f4d55f01b1c5
